0
Let g = -69 + 71. Suppose -x = a + g*a - 94, -a + 3*x = -28. What is the remainder when 89 is divided by a?
27
Let v(p) = -p**2 - 10*p - 7. Let d be v(-9). Suppose 2 = d*l - 6, 0 = -k + 4*l - 12. Suppose 105 = -k*x + 9*x. What is the remainder when 82 is divided by x?
19
What is the remainder when (-3 + 1)*(-93)/6 is divided by 1/(-2)*-2 + 16?
14
Suppose 4*z + 38 = l, 2*l + z - 6*z = 64. Calculate the remainder when 43 is divided by l.
21
Suppose 21*p = 2*d + 25*p - 398, -2*d = 2*p - 406. What is the remainder when d is divided by 70?
67
Let s(g) = g**3 - 14*g**2 + 9*g + 16. Let m = -291 + 328. What is the remainder when s(14) is divided by m?
31
Suppose -238 = -3*z - 196. What is the remainder when z is divided by 8?
6
Suppose -4*k + 315 = -k. Let c(y) = -7 - 2 + 10 + 26*y**3. What is the remainder when k is divided by c(1)?
24
Let w = 368 + -293. What is the remainder when 673 is divided by w?
73
Suppose 3*h = -2*z + 74, 16*h - 5*z - 165 = 11*h. What is the remainder when h is divided by 15?
13
Suppose 4*t = -2*r + 116, -4*t + 172 = 10*r - 7*r. What is the remainder when 167 is divided by r?
55
Let o = 731 + -370. Calculate the remainder when o is divided by 11.
9
Suppose -993 = -42*l - 111. Calculate the remainder when 271 is divided by l.
19
Calculate the remainder when 435 is divided by 24*(-7)/(-14) + 5.
10
What is the remainder when 93/(-6)*(4 + -14) is divided by 39?
38
Suppose -35*k = -39*k - 936. Let z = k + 352. Calculate the remainder when z is divided by 30.
28
Let j be (-11)/(-4) - 1/(-4). Suppose -6 = -3*u - 4*d, -j*u = 2*d - 8 + 2. Calculate the remainder when u is divided by 2.
0
Let y(t) = 2*t - 12. Let x(r) = -5*r + 25. Suppose 0 = -2*l - 2*l - 12. Let p(c) = l*x(c) - 7*y(c). What is the remainder when p(0) is divided by 3?
0
Let b be 2 + (2 - (0 + 1)). Suppose b*r = 3*j + 177, 3*r + 3*j - 191 = -j. What is the remainder when r is divided by 13?
9
Let u = 162 + -82. Let t = u + -49. What is the remainder when t is divided by (5/10)/((-1)/(-22))?
9
Let l be (-11)/(-9) - 6/27. Let k(c) = 4*c - 5. Let r(x) = -3*x + 4. Let s(z) = 5*k(z) + 6*r(z). What is the remainder when 2 is divided by s(l)?
0
Let i(z) = -z**2 - 10*z - 18. Let t be i(-8). Calculate the remainder when (-1)/(-2)*t - (-128)/4 is divided by 17.
14
Suppose 0*f = f - 12. Let y = 185 + -80. What is the remainder when (y/(-6) - 0)*-2 is divided by f?
11
Let f(d) = -d**2 - 21*d + 33. Let o be f(-22). What is the remainder when -108*(55/(-10))/o is divided by 7?
5
Let l = -16 - -22. Suppose -i + t = -9, -l*i = -i - 4*t - 41. Let w = -22 - -39. Calculate the remainder when w is divided by i.
2
Suppose -54 = 9*p - 0*p. Let k(l) = l**3 + 6*l**2 - 3*l + 3. Calculate the remainder when 101 is divided by k(p).
17
Let q(i) = i**3 - 2*i**2 - 34*i + 85. What is the remainder when 317 is divided by q(6)?
17
Suppose -3*z - 3*j + 40 = -j, -3*j = -15. Let b be (z/1)/(3 + -5). Let m = 3 - b. What is the remainder when 29 is divided by m?
5
Suppose -x + 6 = z, 6 - 5 = x + 2*z. What is the remainder when 85 is divided by x?
8
Suppose 0*u - 7*u = -98. Suppose -5*d + 79 = -41. Calculate the remainder when d is divided by u.
10
Let d(v) = v**2 + 7*v - 9. Let y be -2*(1 + (-28)/8). Suppose -y*x + 3*j + 124 = 1, -4*x + 97 = -j. Calculate the remainder when x is divided by d(-9).
6
Suppose -17*l = -19*l + 36. What is the remainder when 2/(-7) + 1497/21 is divided by l?
17
Suppose 12*k - 5*k - 441 = 0. Calculate the remainder when k is divided by 14.
7
Let x(b) = -14*b + 1. Let d be x(1). Let n(u) = -u. Let w be n(2). Calculate the remainder when (d + 26)/(-1 - w) is divided by 7.
6
Let x = -213 - -239. Suppose -3*p = 5*d - 518, 0 = 4*d + 5*p + 215 - 632. Calculate the remainder when d is divided by x.
25
Suppose 0 = 13*u - 532 - 27. What is the remainder when u is divided by 21?
1
Let x = 425 - 414. What is the remainder when 174 is divided by x?
9
Let h = -75 - -172. Let m = 126 - h. Calculate the remainder when 84 is divided by m.
26
What is the remainder when (810/36)/((-9)/(-24)) is divided by 33?
27
Let j = -787 - -812. Suppose -3*u - 5*d = -10 - 33, -4*u + 5*d + 69 = 0. Calculate the remainder when j is divided by u.
9
What is the remainder when 70 is divided by 10*15/10*(-48)/(-90)?
6
Suppose -65*h + 60*h = -65. What is the remainder when h is divided by 5?
3
Let m = -98 + 183. Suppose 0 = -2*z + 7*z - m. What is the remainder when z is divided by 5?
2
Let k be ((-12)/12)/(2/(-16)). Let r = k - 5. Calculate the remainder when r is divided by 3.
0
Let t = -20 - -39. Let w = -172 + 181. Calculate the remainder when t is divided by w.
1
Let d(j) = -127*j - 4. Let x(v) = -20829*v - 655. Let c(l) = -655*d(l) + 4*x(l). Calculate the remainder when c(-1) is divided by 15.
11
Suppose 11*c = -11*c + 418. What is the remainder when 129 is divided by c?
15
Let b be 3/3*47 - (1 - 0). Let p = b - 21. What is the remainder when 72 is divided by p?
22
Let k(b) = -b + 4. Let p be k(7). Let a be 2/p*(-33)/2. Suppose 3*c + a = 107. Calculate the remainder when c is divided by 11.
10
Let a(g) = g**3 - 4*g**2 + g + 3. Let p be a(2). Let q(h) = -6*h - 4. What is the remainder when q(p) is divided by 8?
6
Suppose 22*v - 588 = 8*v. What is the remainder when v is divided by 22?
20
Suppose 93 = 6*y - 69. What is the remainder when (3 + (-8)/4)*y is divided by 15?
12
Calculate the remainder when 79 is divided by (-40)/(-8) - 3/3.
3
Suppose -9*p - 77 = -10*p. Let i = -54 + p. What is the remainder when 57 is divided by i?
11
Suppose -x + 5*j = -35, -3*x = -8*x - 3*j + 259. What is the remainder when 397 is divided by x?
47
Let y(f) = f**3 - 8*f**2 - 9*f + 3. Let h be -1*(-3 - -3 - -17). Let o = h + 26. Calculate the remainder when 14 is divided by y(o).
2
Suppose 73*v + 5*y - 98 = 69*v, 0 = -2*v - 5*y + 44. What is the remainder when 77 is divided by v?
23
Suppose 3*g = -q + 330, 3*g + 5*q = 2*g + 124. Let j = g - 96. Calculate the remainder when 17 is divided by j.
4
Let j be 21 + (4 - 8) + -5. Calculate the remainder when 27 is divided by (3/18 - (-4)/j)*8.
3
What is the remainder when -5 + 2605/5 + -1 is divided by 14?
11
Suppose 3*c - 372 = -11*r + 15*r, 3*r + 2*c + 262 = 0. Let s = r + 122. What is the remainder when s is divided by 12?
8
Suppose 5*j + 4 = 2*w - 0, -2*w - 5*j = -4. Let p(f) = -f**2 - 11*f - 10. Let o be p(-10). Calculate the remainder when (1 - o)*6/2 is divided by w.
1
Suppose -3*h - a + 31 = -269, -3*h - 3*a + 300 = 0. Let z = -41 + h. What is the remainder when z is divided by 15?
14
Suppose -8*f + 1316 + 644 = 0. What is the remainder when f is divided by 12?
5
Let h(w) = 5*w - 7. Let x be h(19). Suppose 5*n = -v + 5*v - x, 4 = -n. What is the remainder when 33 is divided by v?
16
Let n(z) = -2*z**3 + 15*z**2 - 13*z - 16. Calculate the remainder when n(4) is divided by 4/3*24/2.
12
Suppose 3*w + 184 = -5*z - 29, 0 = 3*w + 4*z + 210. Let o = w + 160. Calculate the remainder when o is divided by 24.
22
Let r(w) = 28*w - 1. Let q(o) = -28*o. Let u(y) = -2*q(y) - 3*r(y). What is the remainder when u(-1) is divided by 9?
4
Suppose -120 = 4*b - 12*b. Calculate the remainder when 222 is divided by b.
12
What is the remainder when 91 is divided by (-256)/(-36) - (-39)/(-351)?
0
Suppose 0*t = -2*t - 190. Let f = t + 159. What is the remainder when f is divided by 33?
31
Let l = -696 + 802. Calculate the remainder when l is divided by 41.
24
Let w(s) = s**3 + 3*s**2 - 2*s - 1. Suppose 2*n - 2 = 0, -n - 26 = -3*b + 15. Calculate the remainder when b is divided by w(-2).
0
Suppose y = -n + 33, 4*y + 4*n - 168 = -y. Calculate the remainder when 74 is divided by y.
2
Let v = 6028 - 3859. Calculate the remainder when v is divided by 10.
9
Suppose 2*h + l - 36 = 0, 3*h - 32 = 7*l - 3*l. Calculate the remainder when 106 is divided by h.
10
Let m(n) = -n**2 - 13*n + 13. What is the remainder when m(-9) is divided by 4?
1
Let s(y) = 17 + 3*y - 14 + y. Calculate the remainder when 50 is divided by s(2).
6
Let g = 43 + 13. Suppose -2*v - 16 = -74. Calculate the remainder when g is divided by v.
27
Let h(y) = -298*y + 157. What is the remainder when h(-4) is divided by 18?
17
Let n = 11 + -7. Suppose 0*v - 5*v = -n*h + 27, 5*v = 2*h - 1. Suppose -4*b = 4*y - 20 - 28, 5*y = 2*b + 32. Calculate the r